{"id":9047,"date":"2024-05-28T18:34:39","date_gmt":"2024-05-28T16:34:39","guid":{"rendered":"https:\/\/free.ac-glavan.si\/mieten\/"},"modified":"2024-07-23T11:41:25","modified_gmt":"2024-07-23T09:41:25","slug":"rent","status":"publish","type":"page","link":"https:\/\/free.ac-glavan.si\/de\/rent\/","title":{"rendered":"Mieten"},"content":{"rendered":"<p>[vc_row full_width=&#8220;stretch_row&#8220; equal_height=&#8220;yes&#8220; css=&#8220;.vc_custom_1704991548892{padding-top: 40px !important;padding-bottom: 40px !important;background: #ffffff url(https:\/\/free.ac-glavan.si\/wp-content\/uploads\/2023\/11\/20220508_113229-scaled.jpg?id=8452) !important;background-position: center !important;background-repeat: no-repeat !important;background-size: cover !important;}&#8220;][vc_column][vc_column_text]<\/p>\n<h1 style=\"text-align: center;\"><span style=\"color: #ffffff;\">Beauftragen Sie ihn!<\/span><\/h1>\n<p>[\/vc_column_text][\/vc_column][\/vc_row][vc_row full_width=&#8220;stretch_row&#8220; css=&#8220;.vc_custom_1591363354534{background-color: #ffffff !important;}&#8220;][vc_column][vc_column_text]<\/p>\n<p style=\"text-align: center;\">Unsere Reisemobile sind gepr\u00fcft, technisch einwandfrei und gepflegt.<br \/>\nWir garantieren beste Qualit\u00e4t f\u00fcr jedes Wohnmobil unserer Mietflotte![\/vc_column_text][\/vc_column][\/vc_row][vc_row full_width=&#8220;stretch_row_content&#8220; css=&#8220;.vc_custom_1586337396450{padding-bottom: 50px !important;background-color: #ffffff !important;}&#8220;][vc_column width=&#8220;1\/2&#8243; css=&#8220;.vc_custom_1642515344463{padding-top: 0px !important;}&#8220;][vc_row_inner css=&#8220;.vc_custom_1586337324212{padding-top: 20px !important;padding-right: 15px !important;padding-bottom: 15px !important;padding-left: 15px !important;}&#8220;][vc_column_inner width=&#8220;1\/2&#8243;][vc_single_image image=&#8220;9290&#8243; img_size=&#8220;600&#215;400&#8243; alignment=&#8220;center&#8220; style=&#8220;vc_box_shadow_3d&#8220; css=&#8220;.vc_custom_1721727466443{margin-bottom: 0px !important;}&#8220;][\/vc_column_inner][vc_column_inner width=&#8220;1\/2&#8243;][vc_column_text]<\/p>\n<h3>Glavan Free + Grey<\/h3>\n<p>ab 100,00 \u20ac \/ Tag<br \/>\n4 personen<br \/>\nJahr 2023<br \/>\nVW, 150 PS<br \/>\n6-Gang-Schaltgetriebe[\/vc_column_text][vc_btn title=&#8220;Mieten Sie es bei Ac-Glavan.si&#8220; style=&#8220;custom&#8220; custom_background=&#8220;#0073c6&#8243; custom_text=&#8220;#ffffff&#8220; shape=&#8220;square&#8220; size=&#8220;sm&#8220; align=&#8220;left&#8220; css_animation=&#8220;fadeIn&#8220; link=&#8220;url:https%3A%2F%2Fwww.ac-glavan.si%2Fen%2Frent%2F|&#8220;][\/vc_column_inner][\/vc_row_inner][\/vc_column][vc_column width=&#8220;1\/2&#8243; css=&#8220;.vc_custom_1647270232973{padding-top: 0px !important;}&#8220;][vc_row_inner css=&#8220;.vc_custom_1586337324212{padding-top: 20px !important;padding-right: 15px !important;padding-bottom: 15px !important;padding-left: 15px !important;}&#8220;][vc_column_inner width=&#8220;1\/2&#8243;][vc_single_image image=&#8220;7988&#8243; img_size=&#8220;full&#8220; alignment=&#8220;center&#8220; style=&#8220;vc_box_shadow_3d&#8220; css=&#8220;.vc_custom_1708512974960{margin-bottom: 0px !important;}&#8220;][\/vc_column_inner][vc_column_inner width=&#8220;1\/2&#8243;][vc_column_text]<\/p>\n<h3>Glavan Free + Yellow<\/h3>\n<p>ab 100,00 \u20ac \/ Tag<br \/>\n4 personen<br \/>\nJahr 2023<br \/>\nVW, 150 PS<br \/>\n6-Gang-Schaltgetriebe[\/vc_column_text][vc_btn title=&#8220;Mieten Sie es bei Ac-Glavan.si&#8220; style=&#8220;custom&#8220; custom_background=&#8220;#0073c6&#8243; custom_text=&#8220;#ffffff&#8220; shape=&#8220;square&#8220; size=&#8220;sm&#8220; align=&#8220;left&#8220; css_animation=&#8220;fadeIn&#8220; link=&#8220;url:https%3A%2F%2Fwww.ac-glavan.si%2Fen%2Frent%2F|&#8220;][\/vc_column_inner][\/vc_row_inner][\/vc_column][\/vc_row][vc_row full_width=&#8220;stretch_row_content&#8220; css=&#8220;.vc_custom_1586337396450{padding-bottom: 50px !important;background-color: #ffffff !important;}&#8220;][vc_column width=&#8220;1\/2&#8243; css=&#8220;.vc_custom_1642515344463{padding-top: 0px !important;}&#8220;][vc_row_inner css=&#8220;.vc_custom_1586337324212{padding-top: 20px !important;padding-right: 15px !important;padding-bottom: 15px !important;padding-left: 15px !important;}&#8220;][vc_column_inner width=&#8220;1\/2&#8243;][vc_single_image image=&#8220;9271&#8243; img_size=&#8220;600&#215;400&#8243; alignment=&#8220;center&#8220; style=&#8220;vc_box_shadow_3d&#8220; css=&#8220;.vc_custom_1721727482890{margin-bottom: 0px !important;}&#8220;][\/vc_column_inner][vc_column_inner width=&#8220;1\/2&#8243;][vc_column_text]<\/p>\n<h3>Glavan Free + Blue<\/h3>\n<p>ab 100,00 \u20ac \/ Tag<br \/>\n4 personen<br \/>\nJahr 2023<br \/>\nVW, 150 PS<br \/>\n6-Gang-Schaltgetriebe[\/vc_column_text][vc_btn title=&#8220;Mieten Sie es bei Ac-Glavan.si&#8220; style=&#8220;custom&#8220; custom_background=&#8220;#0073c6&#8243; custom_text=&#8220;#ffffff&#8220; shape=&#8220;square&#8220; size=&#8220;sm&#8220; align=&#8220;left&#8220; css_animation=&#8220;fadeIn&#8220; link=&#8220;url:https%3A%2F%2Fwww.ac-glavan.si%2Fen%2Frent%2F|&#8220;][\/vc_column_inner][\/vc_row_inner][\/vc_column][vc_column width=&#8220;1\/2&#8243; css=&#8220;.vc_custom_1647270232973{padding-top: 0px !important;}&#8220;][vc_row_inner css=&#8220;.vc_custom_1586337324212{padding-top: 20px !important;padding-right: 15px !important;padding-bottom: 15px !important;padding-left: 15px !important;}&#8220;][vc_column_inner width=&#8220;1\/2&#8243;][vc_single_image image=&#8220;9281&#8243; img_size=&#8220;600&#215;400&#8243; alignment=&#8220;center&#8220; style=&#8220;vc_box_shadow_3d&#8220;][\/vc_column_inner][vc_column_inner width=&#8220;1\/2&#8243;][vc_column_text]<\/p>\n<h3>Glavan Free + Red<\/h3>\n<p>ab 110,00 \u20ac \/ Tag<br \/>\n4 personen<br \/>\nJahr 2024<br \/>\nVW, 150 PS<br \/>\nautomatische \u00dcbertragung[\/vc_column_text][vc_btn title=&#8220;Mieten Sie es bei Ac-Glavan.si&#8220; style=&#8220;custom&#8220; custom_background=&#8220;#1e73be&#8220; custom_text=&#8220;#ffffff&#8220; shape=&#8220;square&#8220; size=&#8220;sm&#8220; link=&#8220;url:https%3A%2F%2Fwww.ac-glavan.si%2Fen%2Fnajem%2F|||&#8220;][\/vc_column_inner][\/vc_row_inner][\/vc_column][\/vc_row][vc_row full_width=&#8220;stretch_row_content&#8220; css=&#8220;.vc_custom_1586337396450{padding-bottom: 50px !important;background-color: #ffffff !important;}&#8220;][vc_column width=&#8220;1\/6&#8243; css=&#8220;.vc_custom_1553009247785{padding-top: 0px !important;}&#8220;][\/vc_column][vc_column width=&#8220;2\/3&#8243;][vc_column_text css=&#8220;.vc_custom_1716913488846{margin-top: 50px !important;}&#8220;]<\/p>\n<h2 style=\"text-align: center;\">Glavan Kostenlose Wohnmobil- und Reisemobilmiete zu g\u00fcnstigen Tagespreisen<\/h2>\n<p>Wohnmobile und Camper zur Miete, die Sie in unserem Angebot finden, sind technisch einwandfrei, perfekt gewartet und \u00fcberpr\u00fcft. Wir wissen, wie wichtig es ist, Ihre Freizeit mit Ihren Lieben zu verbringen, deshalb bieten wir Ihnen einen umfassenden Mietservice auf h\u00f6chstem Qualit\u00e4tsniveau. Letzteres bringt viele Vorteile mit sich, von geringeren Kosten, begrenzter Mietdauer bis hin zur M\u00f6glichkeit der Echtzeitanpassung des Routenplans.<\/p>\n<p>Glavan Free und andere Reisemobile aus unserem Sortiment enthalten alles f\u00fcr eine komfortable Reise. K\u00fcche, Schlafzimmer, Badezimmer, Internet und Klimaanlage. Mit einem Wohnmobil sind Sie \u00fcberall zu Hause. Auch f\u00fcr diejenigen, die zum ersten Mal eine solche Reise unternehmen, ist die Anmietung eines Wohnmobils eine ausgezeichnete Wahl. Aufgrund ihrer Gr\u00f6\u00dfe bieten sie Ger\u00e4umigkeit und Komfort, erm\u00f6glichen aber dennoch ein einfaches Man\u00f6vrieren.<\/p>\n<p>Der Miet- und Verbrauchspreis erm\u00f6glicht Ihnen eine unvergleichliche Ersparnis im Vergleich zu anderen Reisearten. Wohnmobile bieten stressfreies Reisen. Denken Sie nur daran, wie oft Sie sich schon an die Check-in- oder Check-out-Zeiten des Hotels halten mussten? Wie oft wollten Sie schon Zeit damit verbringen, St\u00e4dte zu erkunden, mussten aber umkehren, weil es Zeit zum Abendessen war? Und wie oft mussten Sie morgens fr\u00fch aufstehen, um sich das Fr\u00fchst\u00fcck zu holen? Beim Reisen in einem Wohnmobil k\u00f6nnen Sie einen strengen Zeitplan vergessen. Informieren Sie sich vor Reiseantritt einfach \u00fcber die Reiserichtlinien anderer L\u00e4nder, die von Land zu Land leicht variieren k\u00f6nnen.[\/vc_column_text][\/vc_column][vc_column width=&#8220;1\/6&#8243;][\/vc_column][\/vc_row][vc_row full_width=&#8220;stretch_row_content_no_spaces&#8220; equal_height=&#8220;yes&#8220; content_placement=&#8220;top&#8220; css=&#8220;.vc_custom_1586339937425{background-color: #f7f7f7 !important;}&#8220;][vc_column width=&#8220;1\/2&#8243; css=&#8220;.vc_custom_1586338647948{padding-top: 0px !important;padding-bottom: 0px !important;background-image: url(https:\/\/www.topmotorhome.si\/wp-content\/uploads\/2020\/04\/najem-avtodoma.jpg?id=654) !important;background-position: center !important;background-repeat: no-repeat !important;background-size: cover !important;}&#8220;][vc_empty_space height=&#8220;350px&#8220;][\/vc_column][vc_column width=&#8220;1\/2&#8243; css=&#8220;.vc_custom_1553024289012{padding-top: 80px !important;padding-right: 10vw !important;padding-bottom: 80px !important;padding-left: 80px !important;}&#8220;][vc_column_text css=&#8220;.vc_custom_1716913525377{margin-bottom: 0px !important;}&#8220;]<\/p>\n<h2>\u00dcber das Mieten eines Wohnmobils<\/h2>\n<p>Das Angebot an <strong>Wohnmobilen<\/strong> zur Miete umfasst alles, was in einer durchschnittlichen Wohnung zu finden ist. Selbstverst\u00e4ndlicher Internetanschluss, K\u00fcche, Bad, Schlafzimmer und Klimaanlage \u2013 all das geh\u00f6rt zum Leben eines modernen Nomaden, der mit dem Wohnmobil reist. Das Nordkap ist pl\u00f6tzlich n\u00e4her als Sie denken!<\/p>\n<p>Reisen mit einem Wohnmobil ist ein Erlebnis. Unabh\u00e4ngig von Ihrem Alter oder Ihren Reisegewohnheiten; Egal ob Sie ein Wohnmobil mieten oder kaufen:<br \/>\nEs ist ein einmaliges Abenteuer, oder wie wir gerne sagen: Mit einem Wohnmobil ist jeder Ort Ihr Zuhause.[\/vc_column_text][\/vc_column][\/vc_row]<\/p>\n","protected":false},"excerpt":{"rendered":"<p>[vc_row full_width=&#8220;stretch_row&#8220; equal_height=&#8220;yes&#8220; css=&#8220;.vc_custom_1704991548892{padding-top: 40px !important;padding-bottom: 40px !important;background: #ffffff url(https:\/\/free.ac-glavan.si\/wp-content\/uploads\/2023\/11\/20220508_113229-scaled.jpg?id=8452) !important;background-position: center !important;background-repeat: no-repeat !important;background-size: cover !important;}&#8220;][vc_column][vc_column_text] Beauftragen Sie ihn! [\/vc_column_text][\/vc_column][\/vc_row][vc_row full_width=&#8220;stretch_row&#8220; css=&#8220;.vc_custom_1591363354534{background-color: #ffffff !important;}&#8220;][vc_column][vc_column_text] Unsere Reisemobile sind gepr\u00fcft, technisch einwandfrei und gepflegt. Wir garantieren beste Qualit\u00e4t f\u00fcr jedes Wohnmobil unserer Mietflotte![\/vc_column_text][\/vc_column][\/vc_row][vc_row full_width=&#8220;stretch_row_content&#8220; css=&#8220;.vc_custom_1586337396450{padding-bottom: 50px !important;background-color: #ffffff !important;}&#8220;][vc_column width=&#8220;1\/2&#8243; css=&#8220;.vc_custom_1642515344463{padding-top: 0px !important;}&#8220;][vc_row_inner css=&#8220;.vc_custom_1586337324212{padding-top: 20px !important;padding-right: [&hellip;]<\/p>\n","protected":false},"author":1,"featured_media":0,"parent":0,"menu_order":0,"comment_status":"closed","ping_status":"closed","template":"","meta":{"_acf_changed":false,"footnotes":""},"class_list":["post-9047","page","type-page","status-publish","hentry"],"acf":[],"aioseo_notices":[],"_links":{"self":[{"href":"https:\/\/free.ac-glavan.si\/de\/wp-json\/wp\/v2\/pages\/9047","targetHints":{"allow":["GET"]}}],"collection":[{"href":"https:\/\/free.ac-glavan.si\/de\/wp-json\/wp\/v2\/pages"}],"about":[{"href":"https:\/\/free.ac-glavan.si\/de\/wp-json\/wp\/v2\/types\/page"}],"author":[{"embeddable":true,"href":"https:\/\/free.ac-glavan.si\/de\/wp-json\/wp\/v2\/users\/1"}],"replies":[{"embeddable":true,"href":"https:\/\/free.ac-glavan.si\/de\/wp-json\/wp\/v2\/comments?post=9047"}],"version-history":[{"count":6,"href":"https:\/\/free.ac-glavan.si\/de\/wp-json\/wp\/v2\/pages\/9047\/revisions"}],"predecessor-version":[{"id":9311,"href":"https:\/\/free.ac-glavan.si\/de\/wp-json\/wp\/v2\/pages\/9047\/revisions\/9311"}],"wp:attachment":[{"href":"https:\/\/free.ac-glavan.si\/de\/wp-json\/wp\/v2\/media?parent=9047"}],"curies":[{"name":"wp","href":"https:\/\/api.w.org\/{rel}","templated":true}]}}

<p>[vc_row full_width=&#8220;stretch_row&#8220; equal_height=&#8220;yes&#8220; css=&#8220;.vc_custom_1704991548892{padding-top: 40px !important;padding-bottom: 40px !important;background: #ffffff url(https://free.ac-glavan.si/wp-content/uploads/2023/11/20220508_113229-scaled.jpg?id=8452) !important;background-position: center !important;background-repeat: no-repeat !important;background-size: cover !important;}&#8220;][vc_column][vc_column_text]</p>
<h1 style="text-align: center;"><span style="color: #ffffff;">Beauftragen Sie ihn!</span></h1>
<p>[/vc_column_text][/vc_column][/vc_row][vc_row full_width=&#8220;stretch_row&#8220; css=&#8220;.vc_custom_1591363354534{background-color: #ffffff !important;}&#8220;][vc_column][vc_column_text]</p>
<p style="text-align: center;">Unsere Reisemobile sind geprüft, technisch einwandfrei und gepflegt.<br />
Wir garantieren beste Qualität für jedes Wohnmobil unserer Mietflotte![/vc_column_text][/vc_column][/vc_row][vc_row full_width=&#8220;stretch_row_content&#8220; css=&#8220;.vc_custom_1586337396450{padding-bottom: 50px !important;background-color: #ffffff !important;}&#8220;][vc_column width=&#8220;1/2&#8243; css=&#8220;.vc_custom_1642515344463{padding-top: 0px !important;}&#8220;][vc_row_inner css=&#8220;.vc_custom_1586337324212{padding-top: 20px !important;padding-right: 15px !important;padding-bottom: 15px !important;padding-left: 15px !important;}&#8220;][vc_column_inner width=&#8220;1/2&#8243;][vc_single_image image=&#8220;9290&#8243; img_size=&#8220;600&#215;400&#8243; alignment=&#8220;center&#8220; style=&#8220;vc_box_shadow_3d&#8220; css=&#8220;.vc_custom_1721727466443{margin-bottom: 0px !important;}&#8220;][/vc_column_inner][vc_column_inner width=&#8220;1/2&#8243;][vc_column_text]</p>
<h3>Glavan Free + Grey</h3>
<p>ab 100,00 € / Tag<br />
4 personen<br />
Jahr 2023<br />
VW, 150 PS<br />
6-Gang-Schaltgetriebe[/vc_column_text][vc_btn title=&#8220;Mieten Sie es bei Ac-Glavan.si&#8220; style=&#8220;custom&#8220; custom_background=&#8220;#0073c6&#8243; custom_text=&#8220;#ffffff&#8220; shape=&#8220;square&#8220; size=&#8220;sm&#8220; align=&#8220;left&#8220; css_animation=&#8220;fadeIn&#8220; link=&#8220;url:https%3A%2F%2Fwww.ac-glavan.si%2Fen%2Frent%2F|&#8220;][/vc_column_inner][/vc_row_inner][/vc_column][vc_column width=&#8220;1/2&#8243; css=&#8220;.vc_custom_1647270232973{padding-top: 0px !important;}&#8220;][vc_row_inner css=&#8220;.vc_custom_1586337324212{padding-top: 20px !important;padding-right: 15px !important;padding-bottom: 15px !important;padding-left: 15px !important;}&#8220;][vc_column_inner width=&#8220;1/2&#8243;][vc_single_image image=&#8220;7988&#8243; img_size=&#8220;full&#8220; alignment=&#8220;center&#8220; style=&#8220;vc_box_shadow_3d&#8220; css=&#8220;.vc_custom_1708512974960{margin-bottom: 0px !important;}&#8220;][/vc_column_inner][vc_column_inner width=&#8220;1/2&#8243;][vc_column_text]</p>
<h3>Glavan Free + Yellow</h3>
<p>ab 100,00 € / Tag<br />
4 personen<br />
Jahr 2023<br />
VW, 150 PS<br />
6-Gang-Schaltgetriebe[/vc_column_text][vc_btn title=&#8220;Mieten Sie es bei Ac-Glavan.si&#8220; style=&#8220;custom&#8220; custom_background=&#8220;#0073c6&#8243; custom_text=&#8220;#ffffff&#8220; shape=&#8220;square&#8220; size=&#8220;sm&#8220; align=&#8220;left&#8220; css_animation=&#8220;fadeIn&#8220; link=&#8220;url:https%3A%2F%2Fwww.ac-glavan.si%2Fen%2Frent%2F|&#8220;][/vc_column_inner][/vc_row_inner][/vc_column][/vc_row][vc_row full_width=&#8220;stretch_row_content&#8220; css=&#8220;.vc_custom_1586337396450{padding-bottom: 50px !important;background-color: #ffffff !important;}&#8220;][vc_column width=&#8220;1/2&#8243; css=&#8220;.vc_custom_1642515344463{padding-top: 0px !important;}&#8220;][vc_row_inner css=&#8220;.vc_custom_1586337324212{padding-top: 20px !important;padding-right: 15px !important;padding-bottom: 15px !important;padding-left: 15px !important;}&#8220;][vc_column_inner width=&#8220;1/2&#8243;][vc_single_image image=&#8220;9271&#8243; img_size=&#8220;600&#215;400&#8243; alignment=&#8220;center&#8220; style=&#8220;vc_box_shadow_3d&#8220; css=&#8220;.vc_custom_1721727482890{margin-bottom: 0px !important;}&#8220;][/vc_column_inner][vc_column_inner width=&#8220;1/2&#8243;][vc_column_text]</p>
<h3>Glavan Free + Blue</h3>
<p>ab 100,00 € / Tag<br />
4 personen<br />
Jahr 2023<br />
VW, 150 PS<br />
6-Gang-Schaltgetriebe[/vc_column_text][vc_btn title=&#8220;Mieten Sie es bei Ac-Glavan.si&#8220; style=&#8220;custom&#8220; custom_background=&#8220;#0073c6&#8243; custom_text=&#8220;#ffffff&#8220; shape=&#8220;square&#8220; size=&#8220;sm&#8220; align=&#8220;left&#8220; css_animation=&#8220;fadeIn&#8220; link=&#8220;url:https%3A%2F%2Fwww.ac-glavan.si%2Fen%2Frent%2F|&#8220;][/vc_column_inner][/vc_row_inner][/vc_column][vc_column width=&#8220;1/2&#8243; css=&#8220;.vc_custom_1647270232973{padding-top: 0px !important;}&#8220;][vc_row_inner css=&#8220;.vc_custom_1586337324212{padding-top: 20px !important;padding-right: 15px !important;padding-bottom: 15px !important;padding-left: 15px !important;}&#8220;][vc_column_inner width=&#8220;1/2&#8243;][vc_single_image image=&#8220;9281&#8243; img_size=&#8220;600&#215;400&#8243; alignment=&#8220;center&#8220; style=&#8220;vc_box_shadow_3d&#8220;][/vc_column_inner][vc_column_inner width=&#8220;1/2&#8243;][vc_column_text]</p>
<h3>Glavan Free + Red</h3>
<p>ab 110,00 € / Tag<br />
4 personen<br />
Jahr 2024<br />
VW, 150 PS<br />
automatische Übertragung[/vc_column_text][vc_btn title=&#8220;Mieten Sie es bei Ac-Glavan.si&#8220; style=&#8220;custom&#8220; custom_background=&#8220;#1e73be&#8220; custom_text=&#8220;#ffffff&#8220; shape=&#8220;square&#8220; size=&#8220;sm&#8220; link=&#8220;url:https%3A%2F%2Fwww.ac-glavan.si%2Fen%2Fnajem%2F|||&#8220;][/vc_column_inner][/vc_row_inner][/vc_column][/vc_row][vc_row full_width=&#8220;stretch_row_content&#8220; css=&#8220;.vc_custom_1586337396450{padding-bottom: 50px !important;background-color: #ffffff !important;}&#8220;][vc_column width=&#8220;1/6&#8243; css=&#8220;.vc_custom_1553009247785{padding-top: 0px !important;}&#8220;][/vc_column][vc_column width=&#8220;2/3&#8243;][vc_column_text css=&#8220;.vc_custom_1716913488846{margin-top: 50px !important;}&#8220;]</p>
<h2 style="text-align: center;">Glavan Kostenlose Wohnmobil- und Reisemobilmiete zu günstigen Tagespreisen</h2>
<p>Wohnmobile und Camper zur Miete, die Sie in unserem Angebot finden, sind technisch einwandfrei, perfekt gewartet und überprüft. Wir wissen, wie wichtig es ist, Ihre Freizeit mit Ihren Lieben zu verbringen, deshalb bieten wir Ihnen einen umfassenden Mietservice auf höchstem Qualitätsniveau. Letzteres bringt viele Vorteile mit sich, von geringeren Kosten, begrenzter Mietdauer bis hin zur Möglichkeit der Echtzeitanpassung des Routenplans.</p>
<p>Glavan Free und andere Reisemobile aus unserem Sortiment enthalten alles für eine komfortable Reise. Küche, Schlafzimmer, Badezimmer, Internet und Klimaanlage. Mit einem Wohnmobil sind Sie überall zu Hause. Auch für diejenigen, die zum ersten Mal eine solche Reise unternehmen, ist die Anmietung eines Wohnmobils eine ausgezeichnete Wahl. Aufgrund ihrer Größe bieten sie Geräumigkeit und Komfort, ermöglichen aber dennoch ein einfaches Manövrieren.</p>
<p>Der Miet- und Verbrauchspreis ermöglicht Ihnen eine unvergleichliche Ersparnis im Vergleich zu anderen Reisearten. Wohnmobile bieten stressfreies Reisen. Denken Sie nur daran, wie oft Sie sich schon an die Check-in- oder Check-out-Zeiten des Hotels halten mussten? Wie oft wollten Sie schon Zeit damit verbringen, Städte zu erkunden, mussten aber umkehren, weil es Zeit zum Abendessen war? Und wie oft mussten Sie morgens früh aufstehen, um sich das Frühstück zu holen? Beim Reisen in einem Wohnmobil können Sie einen strengen Zeitplan vergessen. Informieren Sie sich vor Reiseantritt einfach über die Reiserichtlinien anderer Länder, die von Land zu Land leicht variieren können.[/vc_column_text][/vc_column][vc_column width=&#8220;1/6&#8243;][/vc_column][/vc_row][vc_row full_width=&#8220;stretch_row_content_no_spaces&#8220; equal_height=&#8220;yes&#8220; content_placement=&#8220;top&#8220; css=&#8220;.vc_custom_1586339937425{background-color: #f7f7f7 !important;}&#8220;][vc_column width=&#8220;1/2&#8243; css=&#8220;.vc_custom_1586338647948{padding-top: 0px !important;padding-bottom: 0px !important;background-image: url(https://www.topmotorhome.si/wp-content/uploads/2020/04/najem-avtodoma.jpg?id=654) !important;background-position: center !important;background-repeat: no-repeat !important;background-size: cover !important;}&#8220;][vc_empty_space height=&#8220;350px&#8220;][/vc_column][vc_column width=&#8220;1/2&#8243; css=&#8220;.vc_custom_1553024289012{padding-top: 80px !important;padding-right: 10vw !important;padding-bottom: 80px !important;padding-left: 80px !important;}&#8220;][vc_column_text css=&#8220;.vc_custom_1716913525377{margin-bottom: 0px !important;}&#8220;]</p>
<h2>Über das Mieten eines Wohnmobils</h2>
<p>Das Angebot an <strong>Wohnmobilen</strong> zur Miete umfasst alles, was in einer durchschnittlichen Wohnung zu finden ist. Selbstverständlicher Internetanschluss, Küche, Bad, Schlafzimmer und Klimaanlage – all das gehört zum Leben eines modernen Nomaden, der mit dem Wohnmobil reist. Das Nordkap ist plötzlich näher als Sie denken!</p>
<p>Reisen mit einem Wohnmobil ist ein Erlebnis. Unabhängig von Ihrem Alter oder Ihren Reisegewohnheiten; Egal ob Sie ein Wohnmobil mieten oder kaufen:<br />
Es ist ein einmaliges Abenteuer, oder wie wir gerne sagen: Mit einem Wohnmobil ist jeder Ort Ihr Zuhause.[/vc_column_text][/vc_column][/vc_row]</p>

<p>[vc_row full_width=&#8220;stretch_row&#8220; equal_height=&#8220;yes&#8220; css=&#8220;.vc_custom_1704991548892{padding-top: 40px !important;padding-bottom: 40px !important;background: #ffffff url(https://free.ac-glavan.si/wp-content/uploads/2023/11/20220508_113229-scaled.jpg?id=8452) !important;background-position: center !important;background-repeat: no-repeat !important;background-size: cover !important;}&#8220;][vc_column][vc_column_text] Beauftragen Sie ihn! [/vc_column_text][/vc_column][/vc_row][vc_row full_width=&#8220;stretch_row&#8220; css=&#8220;.vc_custom_1591363354534{background-color: #ffffff !important;}&#8220;][vc_column][vc_column_text] Unsere Reisemobile sind geprüft, technisch einwandfrei und gepflegt. Wir garantieren beste Qualität für jedes Wohnmobil unserer Mietflotte![/vc_column_text][/vc_column][/vc_row][vc_row full_width=&#8220;stretch_row_content&#8220; css=&#8220;.vc_custom_1586337396450{padding-bottom: 50px !important;background-color: #ffffff !important;}&#8220;][vc_column width=&#8220;1/2&#8243; css=&#8220;.vc_custom_1642515344463{padding-top: 0px !important;}&#8220;][vc_row_inner css=&#8220;.vc_custom_1586337324212{padding-top: 20px !important;padding-right: [&hellip;]</p>
